s r(21)?
10
Let b(i) = -i**2 + 8*i + 4. Give b(4).
20
Let w(f) = 18*f**2 + 2*f - 2. What is w(-2)?
66
Let x(i) = -14*i + 5. Give x(-3).
47
Let h(c) = 2*c - 1. Determine h(-3).
-7
Let q(l) = -l**2 - 2*l. What is q(-1)?
1
Let z(k) = -k - 8. Calculate z(-4).
-4
Let i(p) = -2*p**2 + 2*p - 5. Give i(6).
-65
Let j(f) = -3*f + 37. Determine j(17).
-14
Let q(l) = 5*l - 2. Calculate q(-3).
-17
Let s(o) = -o + 5. Determine s(0).
5
Let w(d) = -116*d + 228. Give w(2).
-4
Let l(y) = y**3 + 9*y**2 - 9*y - 7. Calculate l(-10).
-17
Let f(h) = 28*h + 83. Give f(-3).
-1
Let x(o) = o**2 - 9*o + 62. What is x(9)?
62
Let t(a) = -19*a - 9. What is t(-5)?
86
Let m(b) = -2*b**2 - 15*b + 12. Determine m(-8).
4
Let f(u) = 2*u**2 + 30*u + 34. Calculate f(-17).
102
Let n(y) = y + 43. What is n(-22)?
21
Let k(i) = -i**3 - 5*i**2 - 15*i - 36. Give k(-3).
-9
Let g(v) = 6*v**2 - v + 1. What is g(3)?
52
Let y(t) = -6*t**2 + 2*t - 1. Calculate y(1).
-5
Let l(k) = -k**3 + 5*k**2 + k + 1. What is l(4)?
21
Let n(q) = q - 10. What is n(15)?
5
Let p(w) = -w. Give p(3).
-3
Let j(p) = 8*p**3 - 2*p - 1. What is j(-1)?
-7
Let n(b) = -5*b**2 + 11*b - 5. Calculate n(4).
-41
Let f(d) = d**2 + 26*d - 88. Determine f(-14).
-256
Let c(a) = -8*a + 34. Give c(5).
-6
Let v(r) = -7*r + 2. Calculate v(2).
-12
Let b(x) = 2*x**2 + 2*x + 3. Calculate b(0).
3
Let n(g) = 2*g + 82. Determine n(-41).
0
Let g(n) = n**3 + 5*n**2 - 18*n - 18. Calculate g(-7).
10
Let d(c) = c**3 + 11*c**2 - 2*c - 2. What is d(-11)?
20
Let n(x) = x**2 - 6*x - 7. Give n(5).
-12
Let w(p) = 4*p**2 + 17*p - 3. Determine w(-7).
74
Let v(y) = 6*y - 11. Determine v(8).
37
Let v(w) = -2*w**2 - 6*w + 11. Give v(-6).
-25
Let d(u) = -4*u**2 - 17*u + 1. Calculate d(-5).
-14
Let i(q) = -q**2 - 11*q - 28. Give i(-8).
-4
Let m(w) = -w**3 + 5*w**2 - w - 2. Determine m(5).
-7
Let l(o) = o**3 + o**2 + o + 29. Determine l(0).
29
Let m(s) = 7*s + 1. Determine m(8).
57
Let n(t) = -39*t - 2. What is n(2)?
-80
Let w(r) = 2*r**2 - 1. Determine w(-2).
7
Let d(b) = -b**2 + 55*b + 234. Calculate d(-4).
-2
Let k(m) = m**2 + 7*m - 2. What is k(-5)?
-12
Let n(j) = 7*j**3 + 3*j**2 - 3*j. Determine n(2).
62
Let c(p) = -p**3 - 5*p**2 + 13*p - 5. Calculate c(-7).
2
Let s(y) = 4*y + 17. What is s(-4)?
1
Let l(t) = -10*t - 2. Determine l(4).
-42
Let b(d) = 2*d**2 + 18*d + 3. Give b(-6).
-33
Let j(u) = -u - 1. What is j(7)?
-8
Let o(h) = -13*h - 3. Give o(-1).
10
Let s(a) = -2*a**3 - 2*a**2 - 2*a + 2. What is s(-2)?
14
Let w(p) = -p**2 - 9*p + 29. Calculate w(-12).
-7
Let i(g) = -6*g**2 + 43*g - 2. Calculate i(7).
5
Let r(f) = 3*f**2 + 9*f + 5. Calculate r(-2).
-1
Let u(x) = -x**3 + 11*x**2 + 4*x - 2. Give u(11).
42
Let j(x) = -2*x**2 - 59*x - 14. Give j(-29).
15
Let c(n) = 8*n - 164. Determine c(21).
4
Let y(r) = -36*r + 5. Give y(-2).
77
Let p(z) = z**3 - 8*z**2 + z - 2. Give p(8).
6
Let i(h) = 5*h**3 + h**2 - 3*h + 1. What is i(2)?
39
Let q(l) = l**2 + 9*l - 2. What is q(-11)?
20
Let c(f) = -f**2 - 2*f + 105. Determine c(12).
-63
Let l(m) = -2*m**2 + 27*m - 120. Calculate l(6).
-30
Let l(p) = -2*p + 32. Determine l(13).
6
Let p(s) = -s**2 + 4*s + 2. Give p(4).
2
Let m(h) = 4*h - 3. What is m(5)?
17
Let c(p) = -24*p + 258. Determine c(10).
18
Let s(f) = -f**2 + 7*f - 4. What is s(6)?
2
Let v(z) = 6*z**2 + 3*z + 5. Determine v(-2).
23
Let d(r) = 2*r**2 + 21*r + 26. Calculate d(-9).
-1
Let n(a) = -4*a**2 - 32*a + 9. What is n(-8)?
9
Let g(u) = u + 4. What is g(-7)?
-3
Let v(r) = -12*r**2 - 2*r + 13. Determine v(2).
-39
Let u(w) = 3*w + 7. Determine u(-3).
-2
Let q(h) = h - 3. What is q(-8)?
-11
Let g(l) = 25*l**2 + 5*l + 4. Calculate g(-2).
94
Let j(f) = 15*f + 1. What is j(1)?
16
Let f(x) = -2*x - 3. What is f(-4)?
5
Let t(y) = 19*y**2 - y - 1. What is t(-1)?
19
Let i(l) = 2*l + 4. Calculate i(2).
8
Let h(z) = z**2 - 4*z - 11. Determine h(6).
1
Let g(o) = -2*o**2 - 63*o + 24. Determine g(-32).
-8
Let c(z) = z**3 + 43*z**2 - 88*z + 90. Give c(-45).
0
Let y(a) = a - 4. Give y(-5).
-9
Let j(d) = 2*d**3 + 2*d**2 - 3*d + 4. Give j(-3).
-23
Let o(m) = -4*m**2 - 2*m + 1. Give o(-2).
-11
Let f(s) = -57*s - 180. What is f(-3)?
-9
Let r(u) = -u**2 + 13*u - 16. Determine r(12).
-4
Let c(d) = 3*d - 15. What is c(2)?
-9
Let x(s) = -s**2 - s + 4. Calculate x(0).
4
Let u(n) = n**2 - 32*n + 60. Determine u(28).
-52
Let x(k) = -2*k**3 + 2*k**2 - k. Calculate x(2).
-10
Let t(l) = -8*l - 4. Determine t(-2).
12
Let s(j) = j**2 + 29*j + 100. Calculate s(-25).
0
Let l(n) = n**2 - 9*n + 12. Calculate l(16).
124
Let o(a) = -7*a**3 + 2*a**2 + 4*a + 3. Determine o(-2).
59
Let o(s) = 184*s - 352. Calculate o(2).
16
Let f(o) = o**3 - 3*o**2 - 4*o - 6. Give f(5).
24
Let k(h) = h**3 - h - 25. What is k(0)?
-25
Let o(t) = -t**2 - 10*t - 28. Calculate o(-3).
-7
Let s(w) = -47*w + 5. Give s(0).
5
Let j(t) = t**3 - 12*t**2 + 9*t + 26. Determine j(11).
4
Let b(q) = q**2 + 15*q + 28. Give b(-12).
-8
Let k(w) = 4*w - 160. Give k(34).
-24
Let o(q) = q**2 - 14*q + 2. Determine o(8).
-46
Let t(h) = -4*h - 20. Give t(-6).
4
Let p(i) = -i**2 - 4*i + 115. Give p(9).
-2
Let c(p) = -p**2 + p + 10. Give c(4).
-2
Let c(b) = 4*b - 8. Determine c(2).
0
Let b(n) = -n**3 - 3*n**2 - 4*n + 1. Calculate b(-4).
33
Let z(b) = -2*b**3 - 9*b**2 - 3*b - 8. What is z(-5)?
32
Let t(m) = -2*m + 2. Give t(6).
-10
Let m(b) = b**3 - 9*b**2 + 6*b - 12. Calculate m(8).
-28
Let m(p) = -p**3 + 15*p**2 - 32*p + 23. Determine m(13).
-55
Let b(k) = k**3 + k - 162. Give b(0).
-162
Let i(w) = -w**3 - 47*w**2 + 50*w + 100. Calculate i(-48).
4
Let h(o) = o**2 + 47*o - 152. Calculate h(-50).
-2
Let v(n) = n**3 - 6*n**2 - 3*n - 3. Determine v(6).
-21
Let b(h) = -h + 2. Determine b(2).
0
Let d(f) = -f**3 - 7*f**2 + 5*f - 25. Determine d(-8).
-1
Let w(h) = 23*h - 31. Calculate w(2).
15
Let c(x) = x**3 + 5*x**2 - 23*x + 1. Determine c(-8).
-7
Let z(x) = -x + 14. Calculate z(6).
8
Let f(w) = 3*w**2 + 23*w + 47. What is f(-3)?
5
Let p(b) = 4*b**3 + 4*b + 3. What is p(-1)?
-5
Let s(x) = -x**2 + 19*x - 28. Determine s(14).
42
Let k(c) = 2*c**3 - 2*c**2 - 5*c + 2. Calculate k(3).
23
Let k(h) = 49*h - 258. What is k(6)?
36
Let z(c) = 5*c + 51. Give z(-12).
-9
Let j(t) = -t - 5. Calculate j(3).
-8
Let k(c) = -5*c**2 - 3*c - 1. Give k(1).
-9
Let u(o) = 4*o - 21. Give u(7).
7
Let a(z) = z**2 + 24*z - 40. Give a(-25).
-15
Let m(o) = o**2 + 7*o - 6. What is m(-7)?
-6
Let w(g) = 2*g - 7. Calculate w(8).
9
Let p(f) = -f**3 - 3*f**2 - 2*f. Give p(-3).
6
Let z(x) = x - 1. Give z(5).
4
Let w(q) = 8*q - 22. Determine w(3).
2
Let s(c) = -23*c + 431. Give s(19).
-6
Let x(o) = o**3 - 2*o + 3. Give x(-3).
-18
Let l(q) = 2*q**2 + 2*q - 10. Determine l(2).
2
Let q(m) = m**2 + 40*m + 279. Determine q(-31).
0
Let h(b) = 4*b + 5. Calculate h(-3).
-7
Let n(v) = 3*v**3 + v**2 + 4*v + 3. Give n(-2).
-25
Let s(t) = t**3 - 14*t**2 + 48*t + 2. Give s(8).
2
Let r(g) = 18*g + 2. Give r(-1).
-16
Let k(u) = 160*u**3 + u**2 - 2*u + 2. What is k(1)?
161
Let f(m) = -m + 4. Give f(-8).
12
Let x(o) = 6*o**2 - 73*o + 14. Determine x(12).
2
Let i(x) = -x**3 + 8*x**2 - 10*x + 4. Determine i(7).
-17
Let s(j) = 20*j**3 + 2*j**2 - 1. What is s(-1)?
-19
Let j(l) = -3*l**2 + 10*l - 5. What is j(4)?
-13
Let l(a) = 4*a**3 + 2*a**2 - a - 2. Calculate l(-1).
-3
Let t(g) = -g - 10. Determine t(2).
-12
Let z(a) = -a**2 + 8*a - 16. Calculate z(10).
-36
Let k(p) = 2*p**2 + 2*p - 6. Determine k(2).
6
Let v(n) = -9*n - 5. What is v(2)?
-23
Let o(j) = j**2 - 6*j. What is o(3)?
-9
Let h(d) = -3*d - 5. Calculate h(5).
-20
Let d(k) = 94*k + 1230. What is d(-13)?
8
Let y(t) = t**3 - 6*t**2 + 9*t - 14. Give y(5).
6
Let y(d) = -d**3 - 6*d**2 - d + 8. What is y(-5)?
-12
Let a(t) = t**2 + 6*t - 25. Give a(-5).
-30
Let r(t) = -t**3 + 6*t**2 + 13*t - 82. Determine r(5).
8
Let l(w) = -w + 17. Give l(19).
-2
Let x(u) = 453*u - 1361. Determine x(3).
-2
Let v(x) = x**3 + 3*x**2 + 2*x + 5. Give v(-3).
-1
Let f(a) = -a**2 + 7. What is f(4)?
-9
Let a(x) = -x**2 + 12*x + 4. Calculate a(11).
15
Let m(x) = -41*x - 168. Give m(-4).
-4
Let t(z) = 16*z**3 + z**2 + 2*z + 1. Give t(-1).
-16
Let m(g) = -g**2 - g + 19. Calculate m(-5).
-1
Let d(m) = -m**3 - m**2 - 50. What is d(0)?
-50
Let i(y) = -y**3 + 20*y**2 - 20*y + 1. Give i(19).
-18
Let d(y) = 4*y**2 + 2*y - 8. Determine d(-5).
82
Let w(a) = -20*a + 593. Give w(3